435 composite?
True
Is 1301804701 composite?
False
Is 35284816907 composite?
False
Is 659564761 a prime number?
False
Is 179741059 a composite number?
False
Is 35666004347 prime?
False
Is 130277327 a composite number?
False
Is 10895035969 a composite number?
False
Is 263959147 a prime number?
False
Is 38534182969 a composite number?
False
Is 1809181201 composite?
False
Is 3463586121 a prime number?
False
Is 114723327611 prime?
False
Is 357583717 a prime number?
False
Is 355648003 prime?
True
Is 11037214933 prime?
True
Is 136200829003 a composite number?
True
Is 9899570795 composite?
True
Is 93626327657 a composite number?
False
Is 114744535907 a composite number?
False
Is 1196694281 composite?
False
Is 4866959743 prime?
True
Is 655553687 composite?
False
Is 741684907 a prime number?
True
Is 254876666497 composite?
False
Is 16226614669 a prime number?
False
Is 76453456061 a prime number?
False
Is 1033536779 a composite number?
True
Is 2373130009 a prime number?
True
Is 59345701 composite?
False
Is 19913571173 prime?
True
Is 6056894659 a composite number?
False
Is 26155090771 prime?
False
Is 20431357463 a composite number?
True
Is 32669424653 composite?
False
Is 55211842135 composite?
True
Is 698032547455 composite?
True
Is 4738588399 prime?
True
Is 13661844169 composite?
False
Is 18732322435 prime?
False
Is 13639624717 composite?
True
Is 55231837543 a prime number?
False
Is 1216307633 a prime number?
True
Is 172113911 a prime number?
True
Is 6512177117 composite?
True
Is 5252290217 a prime number?
True
Is 47957638139 a prime number?
True
Is 48759174161 a composite number?
True
Is 21226417558 composite?
True
Is 303793993 prime?
True
Is 3846842033 a prime number?
True
Is 14601003667 prime?
False
Is 1462437997 a composite number?
True
Is 32441756521 prime?
True
Is 10238507197 prime?
False
Is 804760283 composite?
True
Is 17250241213 prime?
True
Is 3488102507 a composite number?
True
Is 2825909573 a prime number?
True
Is 2842460651 a prime number?
False
Is 559774043 composite?
True
Is 190852942571 composite?
False
Is 856418629 prime?
False
Is 41788727 a composite number?
False
Is 4045064707 prime?
True
Is 1871073569 prime?
True
Is 11326217671 prime?
False
Is 3686237941 composite?
True
Is 390596473 a composite number?
False
Is 316435549 composite?
False
Is 605260427 a prime number?
True
Is 87454099562 a composite number?
True
Is 18802598086 composite?
True
Is 49743761 composite?
False
Is 188234844199 prime?
True
Is 486554426705 a prime number?
False
Is 5133141005 a prime number?
False
Is 15755637599 prime?
False
Is 23857296343 a prime number?
True
Is 49577113 a composite number?
True
Is 243027133 a prime number?
True
Is 55964801029 a composite number?
False
Is 8276458777 a composite number?
True
Is 48801107 a prime number?
False
Is 917586011 a prime number?
True
Is 839007541 composite?
False
Is 4440823091 composite?
False
Is 134970755727 prime?
False
Is 22716910213 a composite number?
False
Is 57815543183 a composite number?
False
Is 71324277613 a prime number?
True
Is 875123653 prime?
True
Is 5174270819 a prime number?
True
Is 11483378657 a composite number?
False
Is 3768416983 a composite number?
False
Is 17182100779 composite?
False
Is 1281449859 a composite number?
True
Is 186770390959 composite?
False
Is 79189763327 a composite number?
True
Is 2054243051 prime?
False
Is 787008263 composite?
True
Is 40395988907 a composite number?
False
Is 74407124731 prime?
True
Is 372282341 a prime number?
True
Is 43962161 a prime number?
True
Is 99111653 prime?
False
Is 31059141541 composite?
False
Is 11544257 composite?
False
Is 3166480327 prime?
True
Is 39281554709 a prime number?
False
Is 4949133451 composite?
True
Is 79636929611 prime?
True
Is 3819154253 a prime number?
True
Is 10618037167 prime?
False
Is 1585614167 a prime number?
True
Is 1944866309 composite?
False
Is 20601275527 a composite number?
True
Is 9543034283 prime?
True
Is 15962658905 a composite number?
True
Is 175027702049 prime?
True
Is 93043173 prime?
False
Is 4065482111 composite?
False
Is 1041375779 composite?
False
Is 211527761153 prime?
True
Is 836929657 composite?
False
Is 74241578113 composite?
False
Is 8906399393 prime?
True
Is 5576140733 a composite number?
False
Is 15016182166 a composite number?
True
Is 5908099987 prime?
False
Is 598966289 a composite number?
True
Is 888119579 composite?
False
Is 1252513333 prime?
True
Is 634157821 a composite number?
True
Is 2214956453 prime?
True
Is 10242727637 composite?
False
Is 7083155341 a composite number?
False
Is 13678711519 prime?
False
Is 43973936081 prime?
True
Is 382377517 a composite number?
False
Is 1739444081 prime?
True
Is 3129757063 a prime number?
True
Is 23601217019 a prime number?
True
Is 576755138 composite?
True
Is 32002295305 a composite number?
True
Is 19591249 a prime number?
True
Is 66649977673 prime?
True
Is 837652397 prime?
True
Is 15339357841 prime?
True
Is 3096223279 prime?
False
Is 2403959237 composite?
False
Is 500852063 a composite number?
False
Is 664205429 a composite number?
True
Is 17327260133 a composite number?
False
Is 379169742139 prime?
True
Is 35995555909 prime?
True
Is 127218235 a prime number?
False
Is 92412932707 a composite number?
False
Is 45645516349 composite?
True
Is 14992292431 prime?
True
Is 30522818437 composite?
True
Is 90752197 a composite number?
False
Is 1388337133 a composite number?
False
Is 795723713 composite?
False
Is 894416501 prime?
False
Is 7703630017 composite?
True
Is 337173331 prime?
False
Is 3991536251 a composite number?
True
Is 17557792286 prime?
False
Is 16438337371 prime?
True
Is 3296075623 a composite number?
False
Is 8264743891 a prime number?
False
Is 291647009 composite?
False
Is 682309661 composite?
True
Is 6738990193 a composite number?
True
Is 57938921107 prime?
True
Is 3209063933 composite?
True
Is 173250703 composite?
False
Is 6638237321 composite?
False
Is 5975892179 a prime number?
False
Is 26246940871 a composite number?
False
Is 1561602731 prime?
False
Is 193609300513 composite?
True
Is 3746871955 prime?
False
Is 865489111 a composite number?
False
Is 1246716101 a prime number?
False
Is 131085187 a prime number?
True
Is 1306301297 composite?
True
Is 1191350093 prime?
False
Is 170948301977 a composite number?
True
Is 5560888757 composite?
True
Is 328843547237 a composite number?
True
Is 3801662155 a prime number?
False
Is 6115641547 prime?
False
Is 1387541433 a composite number?
True
Is 1506496997 a prime number?
True
Is 922753423 a prime number?
True
Is 782847623 prime?
True
Is 48119007605 prime?
False
Is 21591151357 prime?
False
Is 53953301 prime?
True
Is 18984459701 a prime number?
False
Is 1881960667 a prime number?
False
Is 1291902533 a prime number?
True
Is 3009233887 composite?
True
Is 22735693 a composite number?
False
Is 9970114619 a composite number?
False
Is 32175913083 a composite number?
True
Is 1454738437 prime?
False
Is 25631205239 prime?
False
Is 3372041423 composite?
False
Is 50926489283 prime?
True
Is 3370850339 a composite number?
True
Is 2827721731 prime?
True
Is 882327533 prime?
False
Is 97320241 composite?
False
Is 44791534769 a composite number?
True
Is 3369494239 composite?
True
Is 6628529857 a composite number?
True
Is 1848366293 prime?
False
Is 1355343661 prime?
False
Is 95686357 a composite number?
True
Is 11273832461 a composite number?
True
Is 115991946677 prime?
False
Is 53325323 a composite number?
True
Is 1239215431 composite?
True
Is 3353244307 composite?
True
Is 1554193363 a prime number?
False
Is 1552347787 prime?
True
Is 182861318 composite?
True
Is 548076569 a prime number?
True
Is 19007483767 composite?
False
Is 107136603779 prime?
True
Is 57667967989 composite?
True
Is 617939863 prime?
False
Is 631027519 a composite number?
True
Is 32212815079 a composite number?
True
Is 426327919 a prime number?
False
Is 465054511 composite?
True
Is 9236963 a prime number?
True
Is 149210183 composite?
False
Is 13202355893 prime?
True
Is 166597240547 composite?
False
Is 3291097373 a prime number?
False
Is 29974429 a prime number?
False
Is 882641233 a prime number?
True
Is 3619173881 a prime number?
True
Is 82932557 a prime number?
True
Is 224218679053 composite?
True
Is 6061963511 a composite number?
True
Is 72571800641 composite?
True